*m + 45 = -m. What are the prime factors of m?
3
Let k be 4/(-1 - 15/(-18)). Let i = 42 + k. List the prime factors of i.
2, 3
Suppose 0 = 3*j - 4*s - 80, 2*j - 60 + 6 = 2*s. What are the prime factors of j?
2, 7
Suppose 0 = 3*f + 4*a - 2*a + 6, -2*f - 4*a = 12. Let g be (31 - -3) + f + -1. Suppose -2*t = -6*t + 2*b + 44, 0 = -3*t + b + g. List the prime factors of t.
11
Let c(z) = -z**2 - 5*z + 1. Let k be c(5). List the prime factors of (-2)/6 - k/21.
2
Let w(j) = -j + 2. Let k(x) = x - 1. Let b(h) = 7*k(h) + 6*w(h). Let s be b(-3). Let l(i) = 3*i**3 - 2*i**2 - i - 2. What are the prime factors of l(s)?
2, 3
List the prime factors of (-3)/((-36)/916) + (-3)/9.
2, 19
Let o(x) = 4*x + 6. Let y(l) = -3*l - 5. Let d(c) = -4*o(c) - 5*y(c). Let w be d(6). List the prime factors of (w - -2)*(-4 - 1).
3, 5
Let h = 152 - 220. List the prime factors of (-8)/(-12) - h/6.
2, 3
What are the prime factors of 1*(27 + 2)*1?
29
Let v = 184 - 97. What are the prime factors of v?
3, 29
Let f(p) = p**2 + 9*p - 8. What are the prime factors of f(-13)?
2, 11
Suppose y + 4*z - 55 = -11, -5 = z. Let t = y - 112. What are the prime factors of (-10)/(-4)*t/(-30)?
2
Let g = -78 + 207. List the prime factors of g.
3, 43
List the prime factors of ((-116)/12 - -2)/(2/(-30)).
5, 23
Let c(x) be the first derivative of 2*x**2 - 11*x + 8. What are the prime factors of c(10)?
29
Suppose g - 1 - 3 = 0. Let d = 7 - g. What are the prime factors of d?
3
Let r(f) = 12*f**2 - 14*f - 17. Let o(l) = -4*l**2 + 5*l + 6. Let t(w) = 17*o(w) + 6*r(w). List the prime factors of t(1).
5
Suppose -5*q = 4*r + 25, -2*r + 2*q = r - 10. Let a be r - ((4 - 1) + -4). Let u(x) = 5*x**2 - x + 1. List the prime factors of u(a).
5
Suppose 4*f + f - 110 = 0. Let g = f + -5. What are the prime factors of g?
17
Suppose 12 + 15 = z + 4*g, z = g + 37. Suppose 5*m - 10 - z = 0. What are the prime factors of m?
3
Let w = -16 - -148. What are the prime factors of w?
2, 3, 11
Let r = -3 - -10. Suppose 35 + r = k. Suppose 6 = w - 2*p, 2*p = 5*w - 2*p - k. List the prime factors of w.
2, 5
Suppose 5*z + 5*n + 5 = 0, 22 = 2*z - 3*n - n. Suppose 0 = z*a - 19 - 17. Suppose 0 = 3*d - a - 24. What are the prime factors of d?
2, 3
Suppose 0 = 4*b - 5*y + 139, 2*y + 159 = -4*b + 3*y. Let j = b + 61. List the prime factors of j.
2, 5
Let p(r) = -4*r - 1 + r**2 + 1 - 2. Suppose -h + 5*h - c - 19 = 0, 0 = 2*c - 2. List the prime factors of p(h).
3
Let n(y) = y**3 + 2*y + 3. Let c be n(-2). Let m = 46 + c. What are the prime factors of m?
37
Let l be 9 - 12 - (-66)/2. Let m = 38 - l. What are the prime factors of m?
2
Suppose f - 186 = 5*y, 9*y - 11*y - 584 = -3*f. List the prime factors of f.
2, 7
Suppose -2*w - 3*o - 3 + 50 = 0, 3*o = 3*w - 63. List the prime factors of w.
2, 11
Let c(d) = d**3 + 12*d**2 + 7*d - 10. What are the prime factors of c(-11)?
2, 17
Suppose n - 3*l + 7*l - 108 = 0, -3*l = 3. List the prime factors of n.
2, 7
Let v = 11 + -6. Suppose 0 = 4*c - v - 3. Suppose -c*d + 0*b - 4*b - 4 = 0, -2*d = 2*b - 2. List the prime factors of d.
2
Let o(i) = -i**2 + i + 19. Let c be o(0). Suppose 0 = 5*w + 4*f, -w + f = -2*f - c. What are the prime factors of w?
2
Let u(y) = 1. Let n(p) = -10*p - 4. Let v(m) = -n(m) - 5*u(m). Let w be (-4)/(-6) + 4/12. What are the prime factors of v(w)?
3
List the prime factors of (-6)/27 - ((-3467)/9 - 2).
3, 43
Suppose 0 = 3*o - 6*o - 321. Let u = -73 - o. List the prime factors of u.
2, 17
Suppose -l - 2*x - 220 = -6*l, -4*l = -3*x - 176. Suppose p + l = -p. Let u = 32 + p. List the prime factors of u.
2, 5
Let t be 18/14 - (-4)/(-14). What are the prime factors of t*4*5/10?
2
What are the prime factors of 788/20 - 8/20?
3, 13
Let l = -172 + 301. List the prime factors of l.
3, 43
Suppose u - 4*u = -15. Let f(r) = -r - 6. Let t be f(-7). List the prime factors of u/(2 - 0 - t).
5
Suppose 3*c + 32 = -c. Let a be (8/10)/((-3)/15). Let z = a - c. List the prime factors of z.
2
Suppose -608 = -5*v - 38. What are the prime factors of v?
2, 3, 19
What are the prime factors of (-4)/7 - 2680/(-35)?
2, 19
Let f = 1 + -17. Let i = 37 - f. Suppose -4*p = -3*k - 45, -k - i = -5*p - 5. List the prime factors of p.
3
Suppose 2*f - 3*f + m - 10 = 0, 4*m = 20. Let j = f - -7. Suppose j*r - 1 = 5. What are the prime factors of r?
3
Let u(k) = -5*k + 10. Let x(s) = 9*s - 19. Let l(n) = 5*u(n) + 3*x(n). Let d be l(-9). List the prime factors of 1/(-2) + d/(-2).
2, 3
Suppose 4*i - 14 + 2 = 0. Suppose i - 115 = -4*z. List the prime factors of z.
2, 7
Let j(g) = g**3 - 4*g**2 + 2*g. Let u be j(4). Let z be 4/(-22) - 2/(-11). Suppose 2*i - 6 - u = z. List the prime factors of i.
7
Let d be 6/(-9)*(1 + -4). Suppose -k = d*k - 27. What are the prime factors of k?
3
Let c(m) be the first derivative of -m**4/4 + 2*m**3 + 9*m**2/2 + 2*m - 3. Let h be c(7). Suppose p + p = h. List the prime factors of p.
2
Let c(u) be the second derivative of -u**3/3 - 5*u**2/2 + 3*u. List the prime factors of c(-5).
5
Let k be 14/2 + (0 - 3). Suppose k*u = -0*u - 5*c + 56, c + 41 = 5*u. What are the prime factors of u?
3
Suppose -3*j - 5*m - 250 = -0*j, -3*m = -2*j - 135. List the prime factors of (4/(-5))/(3/j).
2, 5
Let q be 48/9 - 1/3. Suppose -4*a + 8 = 0, -q*t + 2*a + 2*a = -12. Suppose -25 = -t*r + 7. What are the prime factors of r?
2
Let x = -1 + -1. Let i be x/7 - 92/(-28). Suppose 5*y - 5 = 0, 3*y - 60 = -i*s - 0*y. List the prime factors of s.
19
Let r = -1 - -152. List the prime factors of r.
151
Let a(x) = -2*x**2 + 14*x + 8. Let w be a(-14). What are the prime factors of w/(-52) - (-4)/(-26)?
11
Suppose 146 = 3*x + 2. List the prime factors of x.
2, 3
Suppose -2*b + 170 = 3*b. List the prime factors of b.
2, 17
Let q = -98 - -257. List the prime factors of q.
3, 53
What are the prime factors of (-1)/((2/7)/(-57 - 11))?
2, 7, 17
Let f be 1/(-5) + (-453)/(-15). Let t = f - 21. Suppose 2*s = -s + t. What are the prime factors of s?
3
Let t = 19 - 11. What are the prime factors of (2/(-3))/(t/(-48))?
2
Suppose 2*t - 3*m + 2*m - 114 = 0, t - 2*m - 60 = 0. List the prime factors of t.
2, 7
Suppose 125 = 5*t - 125. What are the prime factors of t?
2, 5
Suppose 0*m - 12 = 2*m. Let x be m*(-2 + 26/6). List the prime factors of 1/(0 + (-2)/x).
7
Suppose -18 - 46 = -2*z. List the prime factors of z.
2
Let j be 0 + 1 + 1 + 0. What are the prime factors of (-135)/(-6) + 1/j?
23
Let r = 76 - 38. List the prime factors of r.
2, 19
Suppose 0 = -3*r + 2*r. Let f(k) = k**3 + 9*k**2 - 9*k + 5. Let z be f(-10). Let q = r - z. What are the prime factors of q?
5
Let w be ((-6)/(-4))/((-12)/(-272)). Suppose 6*q = 3*q - 66. Let g = w + q. List the prime factors of g.
2, 3
Let l(f) = 8*f**2 + f - 1. Suppose -3*r + 3 = -0. What are the prime factors of l(r)?
2
Let l(h) = -186*h - 1. Let r be l(-2). What are the prime factors of 1/(-4) - r/(-28)?
13
Let h(y) = -2*y**3 + y**2 - 4*y. Let w(v) = -v**3 - 2*v. Let k(t) = 4*h(t) - 7*w(t). Let g be k(3). Suppose -g*i - i = -32. List the prime factors of i.
2
Let p = -1 + 3. Suppose 2*k + 2*k = -p*r + 28, k + r = 8. What are the prime factors of k?
2, 3
Let t(c) = -c**3 - c**2. Let x be t(-2). List the prime factors of x/(-16) + (-26)/(-8).
3
Suppose 73 - 254 = 5*z + 2*x, 2*z - 2*x = -64. Let d = 60 + z. What are the prime factors of d?
5
Suppose -p - 3 = 3. Let a = 2 - p. Suppose -4*g = -2*g - 4*j + a, 0 = -2*j + 10. What are the prime factors of g?
2, 3
Suppose -3*f - 4*u + 14 = 0, f - 3*u = 4 - 8. Suppose f*r + r - 21 = 0. What are the prime factors of r?
7
Suppose 0 = a - 2 - 1. What are the prime factors of a?
3
Suppose -5*d = 266 + 69. Let r = 36 + d. Let m = r + 44. List the prime factors of m.
13
Let l = -18 + 46. Let a = 41 - l. List the prime factors of a.
13
Let t = 142 - -39. List the prime factors of t.
181
Let i = 44 - -12. List the prime factors of i.
2, 7
Suppose -t + 4*g = -90, g - 195 = -3*t - 2*g. List the prime factors of t.
2, 5, 7
Let o = -5 - -8. Suppose -19 = -4*p - o. What are the prime factors of p?
2
Suppose 0 = -13*t + 1956 + 1177. What are the prime factors of t?
241
Suppose -4*v + 125 = v. Suppose -3*z + v = 4*c, 5*c - 5 = -0*c + 5*z. List the prime factors of c.
2
Suppose -3*i + 25 = 2*i. Suppose 0 = -5*u + 2*b + 25 + 31, -2*u = -i*b - 14. What are the p